ulate m(3).
-3
Let p(j) = -6*j. Let t be (1 + (-6)/(-2))/(-2). What is p(t)?
12
Let w be 115/25 - 3/5. Let b(g) = 2*g + 2. What is b(w)?
10
Let k(b) = -2*b + 1. Let h(n) = 2*n - 1. Let x be h(1). Let f be k(x). Let a(m) = 2*m**3 + 1. Determine a(f).
-1
Let n = -7 + 6. Let l(i) be the second derivative of -1/2*i**2 + 5*i + 5/12*i**4 - 1/6*i**3 + 0. What is l(n)?
5
Let k be 2/((-3)/12*2). Let c = -2 - k. Let p(t) = t**3 - t**c - 2*t - 1 + t - t. Calculate p(-1).
-1
Let d(h) = -h - 7. Let p = 86 + -93. Determine d(p).
0
Let h(p) = p**2 - 5*p + 7. Let a be ((-12)/(-5) - 0)*(-50)/(-20). What is h(a)?
13
Let d(z) = z. Let s(n) = 2*n + 1. Let r(q) = -9*d(q) + 4*s(q). Let u be 2*2 - (-1)/1. Suppose 6*g - 2*l - 10 = 2*g, -5*l = u. Determine r(g).
2
Let a(p) be the second derivative of p**4/12 + p**3/6 - 3*p**2/2 + 27*p. What is a(0)?
-3
Suppose -7 = -3*q + 5*n - 10*n, n = -5*q - 25. Let k(d) = 3*d**2 + 7*d - 3. Let v(h) = -10*h**2 - 22*h + 10. Let b(r) = -7*k(r) - 2*v(r). What is b(q)?
-5
Let j(u) = -u - 3. Let r be (-24)/(-30)*(-5)/(-2). Suppose -15 = 5*m - r*m. Let l = -8 - m. Give j(l).
0
Let q be 1 - -1*(3 - 5). Let b be 12 + -10 - 0/q. Let l(h) = -5 + 7*h - b*h**2 + 3 - 2 + h**2. Give l(6).
2
Let v be -1 - (-2 - 1 - 2). Let s(y) be the third derivative of -y**5/60 + y**4/8 - y**3/3 + 7*y**2. Calculate s(v).
-6
Let p(m) be the first derivative of 7*m**2/2 + m - 2. Determine p(2).
15
Let h(x) = -x**2 + 1 - x**2 + 0*x**2 - 3*x**2 - 2*x. Let m = 8 - 16. Let o be (-10)/m - (-2)/(-8). What is h(o)?
-6
Let x(w) = -4*w**3 + 1. Let s be x(-1). Let y = 1 - s. Let z(l) = -2*l + 1 - 4 - 1 - 1. Determine z(y).
3
Let r(x) be the first derivative of x**4/4 - 5*x**3/3 + 5*x**2/2 + 4*x + 2. Suppose -20 = -5*q, 0 = -3*l - 4*q - 0*q + 55. Let p = -9 + l. Determine r(p).
8
Let n be (-1 + 3 + -2)/1. Suppose -2*r + 6 = -n*r. Let t(k) = -2*k**2 + k**2 + 7*k + r - 5 - 3. Calculate t(4).
7
Let u be (0 - 0) + 0/1. Suppose 2*v + 2 + 2 = u. Let t(n) = n - 1. Let i(q) = -3*q - 3. Let o(x) = i(x) - t(x). Give o(v).
6
Let r(c) = -c - 16. Let k(x) = -5. Let q(u) = -7*k(u) + 2*r(u). Let p(n) = -3*n + 31. Let s be p(9). Calculate q(s).
-5
Suppose -5*r = -3 - 7. Suppose -3*c = r*c - 20. Suppose -m - c = m. Let v(q) = -3*q + 1. Determine v(m).
7
Let m(f) = 4*f - 1. Suppose 2*g + 3 = t + g, -8 = 2*t + 5*g. Suppose 5 = -3*i - t. Let k = 4 + i. Determine m(k).
7
Suppose -2 = -5*o + 8. Suppose 5*j + o = -4*t, -j + 25 = -5*t + 4*j. Let a be (-12)/t - 2 - 0. Let s(k) = -k**2 + 4*k - 3. Give s(a).
1
Let p(t) = t**3 + t**2 - 4*t - 1. Suppose 3*j + 10 = -2*j. Let g = -5 - j. Calculate p(g).
-7
Suppose -18*t = -21*t. Let h(r) = -r**2 + r - 8. Calculate h(t).
-8
Let k(g) = g**3 - g**2 + 4. Let x be k(0). Let y = x - 5. Let i(d) be the first derivative of 2*d**3/3 - 1. Calculate i(y).
2
Let w(l) = 0 - 1 + 6 - 4. Let i(x) = x + 2. Let z(a) = i(a) - 3*w(a). What is z(3)?
2
Let a(u) = u**3 - 5*u**2 - 5*u + 6. Let x = 62 + -56. Give a(x).
12
Let l = -1 + 3. Suppose -3*v + 0*v - 3*z = 3, 5 = -5*v - z. Let k be v + l + 0 - 3. Let h(w) = -w**2 - 2*w. What is h(k)?
0
Let x(p) = -p**2 - 2*p + 1. Suppose j + 2*c + 0*c = -1, 0 = 3*j - 2*c + 3. Let g(s) = s. Let a(r) = j*x(r) - 2*g(r). Determine a(-1).
0
Suppose -4*o - 4 = -5*o. Let t(n) = 2 + o + 4*n - 6. Determine t(-1).
-4
Suppose -9*s = -4*s - 7*s. Let v = 10 + -7. Let d(x) = -3*x**3 - x**2 + 2*x**2 + 2 + 4*x**v. Determine d(s).
2
Suppose 0 = 3*m - 5*t + 11 + 26, 4*m - 4 = -4*t. Let y be 2*5*(-2)/m. Suppose -4*g = y*a + 2, 5*g + 5*a - 1 = -6. Let q(n) = n**3 + n**2 - 5*n - 2. Give q(g).
-5
Suppose 0*z - 5*z - 28 = -4*i, i = -5*z - 18. Let j(v) = 3 + 17*v - v**i - 17*v + 0*v**2. Give j(3).
-6
Suppose -b + 4*u = b + 20, -3*b + 5*u = 26. Suppose -5*k + 3*a - 22 = 0, 4*k = 6*k + 3*a + 13. Let x = k - b. Let o(n) = -n**3 - n**2 + 3*n - 4. Determine o(x).
5
Let f be -5 + (0 - -2)/1. Let h(l) = -2*l + 4*l - 3 + 5*l**2 - 4*l**2. What is h(f)?
0
Let r(d) = 2*d**2 - 16*d + 19. Let g(s) = s**2 - 8*s + 10. Let k(p) = -11*g(p) + 6*r(p). Calculate k(6).
-8
Let c be (7/(-28))/(1/(-20)). Let l(p) = -p**2 + 6*p - 1. Let j be l(c). Let k(d) = -j - 3*d + 3 + d + d. Give k(-5).
4
Let o be 1/(-5) - (-48)/15. Suppose 2*t + 5 = -o. Let u(z) = -z**2 - 4*z + 5. Determine u(t).
5
Let o(y) = 19*y + 4. Let n(l) be the second derivative of -1/2*l**2 + 3*l + 0 - l**3. Let f(a) = 7*n(a) + 2*o(a). Calculate f(1).
-3
Let m(r) = 4 - 4 + 3*r**2. Let b be m(1). Let k(u) be the second derivative of -u**4/12 + 2*u**3/3 - u**2 + u. Determine k(b).
1
Let m(j) = -j**2 + 4*j + 3. Let h be m(5). Let n(v) be the third derivative of -v**4/24 - v**3/3 - 2*v**2. Calculate n(h).
0
Let g(p) = -p**3 + p**2 - 1. Let v(u) = u**2 + 4*u - 8. Let n be v(-6). Suppose -n*d + 0*d = -4. Give g(d).
-1
Let w(t) be the first derivative of -t**4/2 + 2*t**3/3 - t + 4. Suppose -5*c + 22 = -3*h, 3*c = -2*h + 8*c - 23. What is w(h)?
-1
Let i = -9 - 3. Let n(p) = -p - 10. Let j be n(i). Let w(s) be the first derivative of -s**4/4 + s**3/3 - s**2/2 - s + 2. Determine w(j).
-7
Let u(z) = 4*z - 4. Let m(i) = 3*i - 3. Let l(o) = -5*m(o) + 4*u(o). What is l(-1)?
-2
Let y(p) = 2*p**2 - 5*p + 1. Let k(h) = -3*h**2 + 4*h - 1. Let f(t) = -4*k(t) - 3*y(t). What is f(1)?
6
Let d(z) = 4*z + 1. Let t be d(-1). Let l be (t + (1 - -4))/1. Let v(q) = -l*q + 3 - q + 4*q. Give v(-2).
1
Let h(j) = 4*j - 4. Let g(c) = -5*c**2 - 3*c**2 + 0*c**2 - 8*c - c**2 - c**3 + 3. Let p be g(-8). Determine h(p).
8
Let k(v) = -4*v**2 + 0*v - 2*v**2 - 9 - 2*v - v**3. Determine k(-6).
3
Suppose 3*j = -0*j - 2*h + 13, -4*j - 3*h + 19 = 0. Let b(d) be the first derivative of 5*d**4/4 + d**3/3 - d**2/2 + d - 4. Determine b(j).
6
Let f be (-20)/(-6)*(-12)/8. Let d(o) be the third derivative of 5/6*o**3 + 0*o + 0 - 1/4*o**4 + 1/120*o**6 + 1/15*o**5 + o**2. What is d(f)?
10
Let o(y) = -y**3 + 7*y**2 - 4*y - 8. Let r be (-54)/(-4) + 3/2. Let p be 3/r - 116/(-20). Calculate o(p).
4
Let l(b) = 4*b. Let n(p) = p**2 + 7*p + 9. Let y be n(-6). Suppose 0 = -3*r - 0*r + y. Give l(r).
4
Let s(u) = -4*u**2 + 8*u - 8. Let p(z) = -2*z**2 + 4*z - 4. Let i(l) = -7*p(l) + 4*s(l). Calculate i(3).
-10
Let s be (-1 - 0)/((-3)/6). Let j be (-5)/(-3) + 1/3. Let b(c) = 2*c**j - 1 + 3*c - 5*c + 2*c**s. Calculate b(-1).
5
Let a(n) be the second derivative of -2*n**3/3 + 3*n**2/2 + 5*n. Determine a(3).
-9
Let s(c) = 9*c + 5. Let j(q) = -3*q - 2. Let g(f) = 17*j(f) + 6*s(f). Suppose -7*y + 32*y = -100. What is g(y)?
-16
Let k(t) = 4 - t**3 + 13*t**2 - t**2 - 13*t**2 - 2*t**2 + 5*t. Calculate k(-3).
-11
Let u(t) = -t**2 - 3*t + 3. Let f be 2/9 + (-64)/(-36). Let q be (-12)/(-2)*f/2. Let v = q - 11. Determine u(v).
-7
Let c(y) = -4*y + 1. Suppose 3*k + 15 = 5*s, 5*k + 6 = 2*s - 0*k. Let v = -6 + s. Let w = -5 - v. What is c(w)?
9
Let j(a) = -25*a**3 - 3*a - 1 + 2*a + 26*a**3. Let g be (-1 + 1)/(0 + 2). Calculate j(g).
-1
Suppose -8*a + 15 = -3*a. Suppose n + a = 8. Let g(y) = -y**2 + 7*y - 1. What is g(n)?
9
Let u(f) = -5*f - 7. Suppose 0 = -3*y - 2*y - 20. Let j(w) = -3*w - 4. Let s = 10 - 3. Let b(k) = s*j(k) + y*u(k). Determine b(-5).
5
Let r(v) = 2*v**2 + 7*v - 11. Let y(k) = 3*k - 1. Let t be y(2). Let p(d) = 3*d**2 + 10*d - 17. Let l(a) = t*p(a) - 8*r(a). Calculate l(-5).
8
Suppose 64 = 3*j + 49. Let a(q) be the second derivative of -q**5/20 + q**4/2 - q**3/2 - 2*q**2 - 2*q. Determine a(j).
6
Let u(l) be the second derivative of 1/12*l**4 + 1/2*l**3 + 0*l**2 - 1/24*l**5 - 3*l + 0. Let j(i) be the second derivative of u(i). What is j(2)?
-8
Let q(s) be the second derivative of 7*s**4/12 - s**3/6 + 9*s. Calculate q(1).
6
Let l(x) = -3*x**2 + 6. Let i(o) = -5*o**2 + o + 11. Let d(h) = 4*i(h) - 7*l(h). Let c = -30 - -28. What is d(c)?
-2
Let x(f) = -f**2 - 7*f - 3. Suppose -21*y + 24*y + 18 = 0. What is x(y)?
3
Let u(c) = -c + 3. Let b = -12 + 4. Suppose -2*m + 126 = 2*m - 3*h, 0 = -2*m - 4*h + 52. Let t be (b/12)/((-4)/m). What is u(t)?
-2
Let x(b) = -b**3 - 8*b**2 - 9*b + 1. Suppose -2*k - 1 = r, -2*k + 41 = -5*r - 0*k. What is x(r)?
15
Let c(f) = f**3 + 2*f**2 - 10*f + 11. Let b(q) = -q**3 - q**2 + 9*q - 10. Let g(j) = -6*b(j) - 5*c(j). Give g(5).
10
Let n(g) = 5 + 2 + 2 - g - 1. Let f be n(12). Let o(b) = -b**3 - b**2 - b + 4. Let x(z) = z**3 + 2*z**2 - 4. Let c(r) = 2*o(r) +